Suppose 6*q - 7*q + u = 0. What are the prime factors of q?
29
Let m(d) = 2*d**3 - 5*d**2 + 5*d - 3. Let c be m(3). Suppose c*g + 171 = 24*g. List the prime factors of g.
3, 19
Suppose x + 4*h = -17, 2 = -h - 3. Suppose -x*z - 2*s + 201 = s, -s = -z + 73. Let i = -10 + z. What are the prime factors of i?
2, 3, 5
Suppose -109 = 5*r + 2*f + 212, -2*r + 3*f = 136. Let t = -2 - r. What are the prime factors of t?
3, 7
Suppose 70 = -5*l - 3*i + 25, -2*l + i - 7 = 0. What are the prime factors of 8/l*1032/(-16)?
2, 43
Suppose -5*w - w = -3300. List the prime factors of w.
2, 5, 11
Suppose -1607*q = -1611*q + 2276. List the prime factors of q.
569
Let j(f) = -f**2 + 9*f + 3. Let a be j(8). Let x(k) = k - 3. Let r be x(a). Let l(g) = g**3 - 7*g**2 - 4*g + 10. List the prime factors of l(r).
2, 3, 7
Suppose -5*h + 5*l = -16440, 5*h - 447*l - 16440 = -448*l. What are the prime factors of h?
2, 3, 137
Suppose 552 = 3*j - 777. List the prime factors of j.
443
Let n(l) = l**3 - 2*l**2 + l + 5. Let k be n(4). Suppose 3*h = y - k, -h = 3*h. List the prime factors of y.
41
Let s = -4 - 13. Let p = 30 - 22. Let r = p - s. List the prime factors of r.
5
Suppose -2*s + 253 = 2*v - 1163, -4*s = -v - 2827. List the prime factors of s.
7, 101
Suppose 4*q + 3*u + 116 = 0, -3*q + u - 16 = 84. Let n = q + 32. Let f(t) = -t**3 + t**2 + t + 6. List the prime factors of f(n).
2, 3
Suppose 18*i - 125 = 13*i. Let a be (5*5/i)/(-1). What are the prime factors of a - 42/(-2 - -1)?
41
Let p(f) = -44*f + 1. Let q(t) = -219*t + 5. Let k(l) = 22*p(l) - 4*q(l). What are the prime factors of k(-1)?
2, 47
Let o(m) = 121*m - 5. Let u be o(2). Suppose -6*p = -4*p + 4*j - 90, 5*p - 2*j - u = 0. List the prime factors of p.
47
Suppose 10 - 18 = -4*c. Let r be (-18)/(-5) + 2/5. Suppose -2*d - c*f - 18 = -3*d, 102 = r*d - 2*f. List the prime factors of d.
2, 7
Let g(a) be the second derivative of 5*a**4/12 - 7*a**3/2 - a**2/2 + 39*a. List the prime factors of g(9).
5, 43
Let r be (3/2)/((-9)/96). Let s = 16 + r. Suppose 3*i + 3*q - 99 = s, 4*q = -0*i + 3*i - 85. List the prime factors of i.
31
Suppose 0 = -2*f - 0*f + 6. Suppose 4*x - 2*p - 35 = f, 2*x - 5*p - 23 = 0. Suppose x*l - 40 = 8*l. What are the prime factors of l?
2, 5
Suppose 0*q - 4 = 3*q - b, 4*q + b + 3 = 0. List the prime factors of -29*(-2 - (-2 - q)).
29
Let l(d) = d**3 + 5*d**2 - 5*d + 3. Let x be l(3). Suppose 0*n = 5*n - x. Suppose -6 - n = -3*i. What are the prime factors of i?
2, 3
Suppose 3*v + 9 = 6*v. Suppose -b + 14 = z + 2*b, -z + v*b - 10 = 0. Suppose -55 = -z*i + 27. List the prime factors of i.
41
Let r(g) = 67*g + 13. List the prime factors of r(6).
5, 83
Let i = -2624 - -4078. List the prime factors of i.
2, 727
Let l(v) = v**2 + 15*v + 16. Let d be l(-14). What are the prime factors of -3*(-86)/(d - 0)?
3, 43
Let h = 606 - 358. Suppose -362 - h = -5*m. List the prime factors of m.
2, 61
Let v(u) = -u**2 - 10*u - 6. Let c be v(-7). Let a = c + -11. Suppose b - 98 = -3*i, i + a*b - 56 = -b. What are the prime factors of i?
31
Let n(v) = -6*v - 4. Let o be (-4 - 0)*(3 + -1). What are the prime factors of n(o)?
2, 11
Let h(f) = 2*f**2 - 6*f + 14. Suppose -10*n + 8 = -9*n. List the prime factors of h(n).
2, 47
Let k(p) = p**3 + 5*p**2 + 3*p + 2. Let f = 47 - 50. What are the prime factors of k(f)?
11
Let z(i) = -57*i - 1. Let r(m) = m + 9. Let c be r(-10). What are the prime factors of z(c)?
2, 7
Let n = -443 - -914. What are the prime factors of n?
3, 157
Let g(v) = -90*v**3 - 5*v**2 + 3*v - 3. What are the prime factors of g(-2)?
691
Let o = 1010 - -3187. What are the prime factors of o?
3, 1399
Let n = 90 - 34. Suppose x + 5*c = n, -c + 77 = x - 3*c. List the prime factors of x.
71
Suppose -d + 3*l - 4*l + 4 = 0, -4*d + 17 = 5*l. Suppose 0 = v - 6 + d. List the prime factors of 9/v*1 - -15.
2, 3
What are the prime factors of (35/7 - 5) + 409?
409
Let s(y) = -y**3 + 16*y**2 - 8*y - 4*y - 8*y + 2 + 6. List the prime factors of s(14).
2, 3, 5
Suppose -17*g - 21*g + 29070 = 0. What are the prime factors of g?
3, 5, 17
Let h be (4 - (3 + -2)) + 1. Suppose h*l + 5*f = l + 55, -l = f - 15. List the prime factors of l.
2, 5
Let j(f) = -9*f**3 - 25*f**2 - 4*f + 10. What are the prime factors of j(-9)?
2, 29, 79
Let z = 0 - -1. List the prime factors of 11*3/(4 - z).
11
Let f(s) = 8 + 706*s**2 - 3 - 700*s**2. What are the prime factors of f(4)?
101
Suppose 0 = -r + 21 + 5. Suppose -5*p - r = -476. What are the prime factors of (p/20)/(1/2)?
3
Let p(h) = -12*h + 1. Let q be p(1). List the prime factors of (q + 0)*7/(-1).
7, 11
Let a(u) = 23*u**3 - 2*u**2 - 2*u + 11. Let i(r) = -12*r**3 + r**2 + r - 6. Let d(j) = -6*a(j) - 11*i(j). What are the prime factors of d(-3)?
2, 3, 7
Let h = 38 + -35. Suppose 4*l - 662 = h*y, -2 = y - 0*y. Suppose -3*i = -i - l. What are the prime factors of i?
2, 41
Let c be (-6)/(-10) + (-261)/(-15). What are the prime factors of ((-20)/90)/((-2)/c)?
2
Let m(a) = -2*a**2 + 27*a - 13. List the prime factors of m(12).
23
Suppose 0*l + 2*l = 8. Let g be l + -3 + 4 + -3. Suppose -4*r = -2*w - 10, -g = -2*r + 4*w - 6*w. List the prime factors of r.
2
Let g(m) = 106*m**2 + 11*m + 20. List the prime factors of g(-2).
2, 211
Suppose -10 = 5*g, 4*z = -4*g + g + 1306. Suppose 13*v - 491 = z. List the prime factors of v.
3, 7
Let c(d) = -d + 3 - d - d**2 - 6. Let t be c(-7). Let g = t - -56. What are the prime factors of g?
2, 3
Let r(p) = 8*p**2 - 8*p - 22. List the prime factors of r(-7).
2, 3, 71
Let d(y) = -y**2 - 10*y + 13. Let h be d(-11). Suppose -4*j + 0*j + 2*g + 168 = 0, -h*j - 5*g = -108. What are the prime factors of j?
2, 11
Let p = 3029 + -1618. What are the prime factors of p?
17, 83
Let v(j) = -j + 9. Let z be v(7). Suppose 0 = -z*w - w - 2*t + 46, 0 = 5*w + 3*t - 78. List the prime factors of w.
2, 3
Let n = 253 - 173. Suppose 3*m = -2*m + n. What are the prime factors of m?
2
Let g(l) = l**3 - 7*l**2 - l + 5. Let m be g(7). What are the prime factors of (-16 - -64)*m/(-4)?
2, 3
Let m = -3920 - -7543. List the prime factors of m.
3623
Let q(t) = -t**3 - 8*t**2 - 4*t - 26. Let k be q(-8). Suppose -5*l = -166 + k. List the prime factors of l.
2
Suppose -p + 19 = 2*h - 4, h - 26 = -p. Suppose -3*i + n = p, -i + 3*i + 1 = -3*n. List the prime factors of -1 - -35 - (i + 9).
3, 11
Suppose -2*c - a = c + 1, -3*c - 5*a - 5 = 0. Suppose c = 3*r + 3*r - 234. List the prime factors of r.
3, 13
Let y(i) = 4*i**3 - 133*i**2 - 19*i + 27. List the prime factors of y(34).
7, 11, 37
Let l(d) be the second derivative of d**4/12 + 3*d**2/2 - 20*d. List the prime factors of l(10).
103
Suppose 38 = 28*l - 30*l. Let b(z) = z**2 + 9*z - 1. Let r be b(l). Let x = r - 115. List the prime factors of x.
2, 37
Suppose 10 = 16*o - 11*o. Suppose -o*p = -28 + 2. What are the prime factors of p?
13
Let o(b) = 17*b**2 - 2*b - 2. Let j = 53 - 55. List the prime factors of o(j).
2, 5, 7
Let n = 1151 - 780. What are the prime factors of n?
7, 53
Suppose -z + 256 + 78 = 0. Let l = z - 192. List the prime factors of l.
2, 71
Let c be 8 + (-6 - (-7 - -4)). Suppose 0 = c*r - 22 - 3. Suppose x = -v + 44, -5*v - r*x + 219 = -x. What are the prime factors of v?
43
Suppose 11 + 15 = 2*i. Suppose -2*h - 73 = i. What are the prime factors of (h - -7)*-1*1?
2, 3
Suppose 352 = 5*n + 5*w - 6233, n - 1317 = -4*w. What are the prime factors of n?
3, 439
Let m(l) = -l**2 - 8*l + 9. Let b be m(-9). Suppose -d + 4 - 7 = b. List the prime factors of 54 + ((-18)/d)/(-2).
3, 17
Let q(b) = b**3 - 31*b**2 + 30*b + 16. List the prime factors of q(30).
2
Let v(w) = 30*w**2 + 2. Suppose -22 = 4*g - g + 4*f, 2*f + 14 = -3*g. List the prime factors of v(g).
2, 61
Let w = 2222 + 76. What are the prime factors of w?
2, 3, 383
Suppose -2*c = 5*b + 19, 4*b + b - 5*c = -40. Let w = b + 12. What are the prime factors of w?
7
Suppose -d = 5*y - 1720, d + 150 - 1858 = -y. List the prime factors of d.
5, 11, 31
Suppose p = 2*p - 8. Suppose -3*o + w + p = -0, -4*o + 2*w = -8. Suppose 0 = -o*z + 66 + 58. List the prime factors of z.
31
Let j = -1223 - -2856. What are the prime factors of j?
23, 71
Suppose -2*x + 8 = -2. Let l be 0/(x + -1)*1. Suppose l*t = -2*t + 10. What are the prime factors of t?
5
Suppose -h - 15 = -6*h. Suppose -w - h*k - 77 = -3*w,